ainder when 822 is divided by 206?
204
What is the remainder when 450 is divided by 19?
13
What is the remainder when 5057 is divided by 9?
8
Calculate the remainder when 228 is divided by 11.
8
What is the remainder when 768 is divided by 46?
32
What is the remainder when 2039 is divided by 292?
287
What is the remainder when 41 is divided by 20?
1
What is the remainder when 297 is divided by 10?
7
Calculate the remainder when 162 is divided by 82.
80
Calculate the remainder when 64 is divided by 6.
4
What is the remainder when 4918 is divided by 133?
130
What is the remainder when 444 is divided by 89?
88
What is the remainder when 338 is divided by 221?
117
What is the remainder when 126 is divided by 5?
1
Calculate the remainder when 1395 is divided by 20.
15
Calculate the remainder when 188 is divided by 45.
8
What is the remainder when 1303 is divided by 26?
3
Calculate the remainder when 74 is divided by 35.
4
What is the remainder when 255 is divided by 59?
19
What is the remainder when 95 is divided by 54?
41
What is the remainder when 1801 is divided by 82?
79
What is the remainder when 153 is divided by 26?
23
What is the remainder when 814 is divided by 49?
30
Calculate the remainder when 1948 is divided by 122.
118
Calculate the remainder when 418 is divided by 138.
4
Calculate the remainder when 378 is divided by 20.
18
What is the remainder when 25 is divided by 10?
5
What is the remainder when 7719 is divided by 129?
108
What is the remainder when 780 is divided by 769?
11
What is the remainder when 49 is divided by 8?
1
Calculate the remainder when 860 is divided by 36.
32
Calculate the remainder when 293 is divided by 89.
26
What is the remainder when 704 is divided by 77?
11
Calculate the remainder when 606 is divided by 61.
57
Calculate the remainder when 33914 is divided by 139.
137
What is the remainder when 2149 is divided by 67?
5
What is the remainder when 1678 is divided by 24?
22
What is the remainder when 86 is divided by 13?
8
What is the remainder when 803 is divided by 67?
66
Calculate the remainder when 13331 is divided by 59.
56
What is the remainder when 646 is divided by 26?
22
Calculate the remainder when 230 is divided by 11.
10
Calculate the remainder when 1277 is divided by 220.
177
What is the remainder when 1317 is divided by 10?
7
What is the remainder when 193 is divided by 61?
10
Calculate the remainder when 92 is divided by 23.
0
Calculate the remainder when 244 is divided by 42.
34
Calculate the remainder when 127 is divided by 119.
8
Calculate the remainder when 3 is divided by 2.
1
Calculate the remainder when 74 is divided by 23.
5
What is the remainder when 625 is divided by 41?
10
Calculate the remainder when 1527 is divided by 45.
42
What is the remainder when 289 is divided by 29?
28
What is the remainder when 195 is divided by 72?
51
What is the remainder when 390 is divided by 35?
5
Calculate the remainder when 387 is divided by 78.
75
What is the remainder when 612 is divided by 22?
18
What is the remainder when 916 is divided by 7?
6
Calculate the remainder when 97 is divided by 96.
1
What is the remainder when 164 is divided by 33?
32
Calculate the remainder when 97 is divided by 25.
22
What is the remainder when 22 is divided by 8?
6
What is the remainder when 7973 is divided by 190?
183
What is the remainder when 231 is divided by 89?
53
Calculate the remainder when 11772 is divided by 15.
12
Calculate the remainder when 574 is divided by 185.
19
Calculate the remainder when 908 is divided by 19.
15
Calculate the remainder when 130 is divided by 71.
59
What is the remainder when 1097 is divided by 95?
52
Calculate the remainder when 715 is divided by 80.
75
What is the remainder when 398 is divided by 81?
74
What is the remainder when 341 is divided by 3?
2
What is the remainder when 914 is divided by 37?
26
What is the remainder when 154 is divided by 78?
76
Calculate the remainder when 3495 is divided by 53.
50
What is the remainder when 113 is divided by 77?
36
What is the remainder when 1219 is divided by 72?
67
Calculate the remainder when 286 is divided by 73.
67
What is the remainder when 11 is divided by 6?
5
What is the remainder when 1769 is divided by 38?
21
What is the remainder when 1016 is divided by 145?
1
What is the remainder when 68 is divided by 28?
12
Calculate the remainder when 284 is divided by 56.
4
Calculate the remainder when 273 is divided by 2.
1
Calculate the remainder when 710 is divided by 331.
48
What is the remainder when 166 is divided by 12?
10
What is the remainder when 994 is divided by 11?
4
Calculate the remainder when 985 is divided by 155.
55
Calculate the remainder when 1272 is divided by 144.
120
Calculate the remainder when 217 is divided by 40.
17
Calculate the remainder when 116 is divided by 33.
17
Calculate the remainder when 73 is divided by 19.
16
Calculate the remainder when 19106 is divided by 34.
32
What is the remainder when 190 is divided by 155?
35
Calculate the remainder when 445 is divided by 144.
13
What is the remainder when 38 is divided by 33?
5
Calculate the remainder when 1598 is divided by 50.
48
What is the remainder when 236 is divided by 43?
21
What is the remainder when 660 is divided by 644?
16
Calculate the remainder when 1628 is divided by 16.
12
Calculate the remainder when 1361 is divided by 26.
9
What is the remainder when 144 is divided by 71?
2
Calculate the remainder when 46 is divided by 16.
14
What is the remainder when 27 is divided by 10?
7
What is the remainder when 527 is divided by 11?
10
Calculate the remainder when 286 is divided by 130.
26
What is the remainder when 60 is divided by 17?
9
What is the remainder when 618 is divided by 217?
184
Calculate the remainder when 41614 is divided by 35.
34
Calculate the remainder when 82 is divided by 23.
13
Calculate the remainder when 349 is divided by 88.
85
What is the remainder when 179 is divided by 81?
17
What is the remainder when 34 is divided by 17?
0
What is the remainder when 79 is divided by 28?
23
Calculate the remainder when 718 is divided by 161.
74
What is the remainder when 5374 is divided by 22?
6
What is the remainder when 937 is divided by 63?
55
Calculate the remainder when 542 is divided by 188.
166
Calculate the remainder when 100 is divided by 21.
16
Calculate the remainder when 2617 is divided by 187.
186
Calculate the remainder when 1825 is divided by 74.
49
What is the remainder when 330 is divided by 32?
10
Calculate the remainder when 4194 is divided by 39.
21
What is the remainder when 52 is divided by 18?
16
Calculate the remainder when 141 is divided by 104.
37
Calculate the remainder when 72 is divided by 61.
11
Calculate the remainder when 12688 is divided by 141.
139
What is the remainder when 195 is divided by 33?
30
Calculate the remainder when 727 is divided by 58.
31
Calculate the remainder when 162 is divided by 92.
70
Calculate the remainder when 2591 is divided by 104.
95
What is the remainder when 16 is divided by 16?
0
What is the remainder when 882 is divided by 27?
18
What is the remainder when 53 is divided by 41?
12
Calculate the remainder when 284 is divided by 90.
14
Calculate the remainder when 837 is divided by 210.
207
Calculate the remainder when 10160 is divided by 25.
10
What is the remainder when 196 is divided by 68?
60
What is the remainder when 995 is divided by 22?
5
What is the remainder when 1900 is divided by 28?
24
What is the remainder when 120 is divided by 65?
55
What is the remainder when 1762 is divided by 84?
82
Calculate the remainder when 906 is divided by 7.
3
Calculate the remainder when 951 is divided by 462.
27
What is the remainder when 812 is divided by 42?
14
Calculate the remainder when 3 is divided by 1.
0
Calculate the remainder when 298 is divided by 54.
28
Calculate the remainder when 258 is divided by 15.
3
Calculate the remainder when 72 is divided by 45.
27
Calculate the remainder when 1215 is divided by 24.
15
Calculate the remainder when 57 is divided by 12.
9
What is the remainder when 93 is divided by 25?
18
What is the remainder when 2399 is divided by 7?
5
What is the remainder when 27 is divided by 10?
7
What is the remainder when 4 is divided by 3?
1
Calcula